l(s) = 3*s**2 - s + 2. Let i be l(6). Suppose -2*y - i = -5*j, 0*y = -4*j - y + 91. What is the tens digit of j?
2
Suppose 4*l + 252 = 8*l. What is the units digit of l?
3
Let n(h) = 4*h**2 + 7*h + 5. Let b be n(-4). Suppose -4*k - 4*w + b = -w, 27 = 2*k - 5*w. What is the tens digit of k?
1
Suppose 0 = 2*a - 20 + 38. Let l(p) = p**2 + 6*p + 18. Let k(j) = -j + 1. Let b(s) = 6*k(s) - l(s). What is the tens digit of b(a)?
1
What is the units digit of 4/22 - 30016/(-77)?
0
What is the units digit of 4 + 5/((-10)/(-8))?
8
Suppose 345 = -2*k + 5*k - g, -5*k - 2*g + 575 = 0. What is the tens digit of k?
1
Suppose 0 = b + 2*b - 21. Let k = -2 + b. Suppose a + 2*a = 4*f - 5, 4*f + k*a = 13. What is the units digit of f?
2
Let q(z) = -314*z + 1. Let w be q(-1). Suppose 0 = k - 5*k - i + w, -4*k + 313 = 3*i. What is the units digit of (-4)/(-18) - k/(-9)?
9
Suppose -2*x = -2*k + 164, 4*x - 84 = -k + 3*x. What is the tens digit of k?
8
Suppose -4*n - 2 + 164 = -3*s, -2*s = -4*n + 160. Let u = n + -23. What is the tens digit of u?
1
Let n(u) = -10*u - 8. What is the tens digit of n(-7)?
6
Let v(u) = u**2 - 6*u - 3. Let f be v(7). Suppose -3*p - q + f*q + 78 = 0, p - 4*q = 29. What is the units digit of p?
5
Let n(w) = w**2 + w + 1. What is the tens digit of n(-7)?
4
Suppose 3*h - s + 52 = 0, 5*h - 47 = 3*s - 135. Let r = -8 - h. What is the units digit of r?
9
Suppose 0 = -y + 3*i + 112, 0 = 3*y - y + 3*i - 206. What is the tens digit of y?
0
Let d(s) = -s. Let v be d(-3). Suppose 5*t = 2*t - v. What is the tens digit of (t + 0)/(1/(-11))?
1
Suppose 0*c - c = 1. Let i(k) = k - 2*k**3 + 3*k**3 + 0*k - 4*k**3. What is the units digit of i(c)?
2
Let x(f) = 111*f**2 + 3*f - 1. What is the hundreds digit of x(1)?
1
Let m(b) = b**2 - 13*b - 16. Let x be m(14). What is the units digit of 3 + (5 + x - 3)?
3
Let f be 2/1*3/2. Let d(z) = -z**3 + 4*z**2 - 2. What is the units digit of d(f)?
7
Suppose -6 = -5*f - 21. Let t = 8 + f. What is the units digit of t?
5
Suppose -2*h + 24 = h + 3*a, 21 = 2*h + 3*a. Let i = h + -7. Let c(u) = u + 8. What is the units digit of c(i)?
4
Let d(x) = -26*x - 1. Let n(y) = -y**3 - 7*y**2 - 6*y - 1. Let b be n(-6). What is the units digit of d(b)?
5
Let d(m) = 95*m**2 - 2*m - 3. What is the units digit of d(-2)?
1
Suppose 0 = -2*n + 4. Suppose 3*v = 5 - n. What is the units digit of v?
1
Let h(c) = -c**2 - 33*c + 50. What is the units digit of h(-22)?
2
Let l(q) = q**3 - 5*q**2 - 5*q - 2. Let p be l(6). Let s(a) = -3 + p + 0 - a. What is the units digit of s(0)?
1
Let f = -33 - -61. What is the units digit of f?
8
Let k(h) = h**2 + 17*h - 15. What is the tens digit of k(-20)?
4
Let h be (-3)/((-30)/4)*20. Let m be (-2)/(-8) + 86/h. Suppose -q + m = -5. What is the units digit of q?
6
Let u be (1/1 - 1)/1. Let a = 6 + 1. Suppose u = 4*m - 1 - a. What is the units digit of m?
2
Suppose 3*j - 1659 = -4*j. What is the hundreds digit of j?
2
Let o = 12 - 13. Let j = 11 + o. What is the units digit of j?
0
Suppose 9*w = 4*w - 5. Let n = w + 4. What is the units digit of n?
3
Let j = -4 + 5. Suppose 5*n + 35 = 5*f, 0 = -4*f - 0*n + 2*n + 38. What is the units digit of (f/(-14))/(j/(-7))?
6
Let c = 70 - 36. Let h = 23 - c. What is the tens digit of (-2)/((6/h)/3)?
1
Let u be 7/(70/76)*5. Suppose -l + u = 4*d - 8, 16 = 4*d. What is the tens digit of l?
3
Let l(f) = 23*f**2 + 2*f - 1. Let a be l(1). Let s = a - -7. What is the units digit of s?
1
Let w = -3 + 3. Suppose -45 = -5*y + 3*c, 0 = -4*y - 3*c - w*c + 9. What is the units digit of y?
6
Let t = 41 + -32. What is the units digit of t?
9
Suppose -8*y + 353 = -3*y + 4*x, -5*y + 341 = -2*x. Suppose m + y = -5*o + 3*m, -o + 3*m = 6. What is the units digit of (o/(-6) + -2)*10?
5
Let f(m) = -m + 12. What is the units digit of f(-9)?
1
Suppose -2*p = -3*u - 2*u - 245, 105 = p + u. What is the tens digit of p?
1
What is the units digit of 60/40 + (-489)/(-4)*2?
6
Let m = 9 - 7. What is the units digit of (-2)/(m/3)*-6?
8
Let m(b) = -5*b - 9. Let f(t) = -6*t - 10. Let a(x) = -3*f(x) + 4*m(x). Let i be a(-4). Let r = 8 - i. What is the units digit of r?
6
Suppose 0 = -5*t + 7 + 18. Suppose 2*y = -t - 7. Let q = 2 - y. What is the units digit of q?
8
Let a = 7 + -4. Suppose 2*w - 4*p + p = -23, -5*w = -a*p + 44. Let j(r) = r**2 + 4*r - 10. What is the tens digit of j(w)?
1
Let m = -10 + 14. Suppose -c - 3 = 0, c + m*c = -5*p. What is the units digit of p*-1 - (-30)/5?
3
Suppose -4*u + 0*u + 64 = -2*k, 2*u + 5*k - 44 = 0. What is the units digit of u?
7
Let z be (-4)/14 + (-222)/(-42). Suppose -c + 4 + 21 = -z*r, -24 = -2*c - 3*r. What is the tens digit of c?
1
Suppose 5*h - 171 + 14 = -3*s, -2*h + 78 = 5*s. Let r = h - 12. Suppose -3*i = -10 - r. What is the units digit of i?
9
Let d = 5 - 11. What is the tens digit of (1 - (2 + 2))*d?
1
Let o(f) = 55*f**2 + 5*f - 4. What is the tens digit of o(1)?
5
What is the units digit of (-14)/14 - 136/(-2)?
7
Let o(u) = -u**3 - 5*u**2 + 6*u + 3. Let c be o(-6). Suppose 12 = a - c*a. Let i(h) = h**2 + 6*h + 2. What is the units digit of i(a)?
2
Suppose 23 = y + 4*i, -4*y = -3*y - i - 18. Suppose d - 36 = y. Suppose -d = -4*h - 7. What is the tens digit of h?
1
Let q(k) = -k**3 - 3*k**2 + 3*k - 4. Let a be q(-4). Suppose 4*v + 2*z - 40 = a, -4*v + 6*z - 3*z + 50 = 0. Let o = v - 8. What is the units digit of o?
3
Let h be -14*(-6)/21*3. Let k = 23 - h. What is the units digit of k?
1
Let f = 69 - 12. What is the units digit of f?
7
Suppose 2*w - 297 = -113. What is the units digit of w?
2
Suppose 15*u - 18*u + 6 = 0. Suppose -20 = 5*n, 5*y + 0*n - 242 = -u*n. What is the tens digit of y?
5
Let i(u) = -u**2 - 6*u - 8. Let h be i(-6). Let v = -8 - h. Let n = 3 + v. What is the units digit of n?
3
Let k = 5 + 0. Suppose 7 = -k*s + 102. What is the units digit of s?
9
Let w(v) = -v**2 - 9*v - 7. Let b be w(-8). Let y(d) be the third derivative of 3*d**6/40 + d**5/60 - d**4/12 + d**3/6 - d**2. What is the units digit of y(b)?
9
Let g(i) = -i + 1. Let w be g(-2). Suppose 3*f - 4*q + 8 = -12, -2*q = -f - 10. Suppose 0 = -5*m + 3*x + 35, f = -m - x + w - 4. What is the units digit of m?
4
Let h(y) = y**3 - 2*y**2 - y + 4. Let z(v) = 4*v - 1. Let a be z(1). What is the tens digit of h(a)?
1
Suppose -p = b - 5*b + 988, p = 2*b - 496. What is the units digit of b?
6
Suppose 4*o + 5*a - 10 = -3, 2*o - 2 = -4*a. Suppose -k - 3*z + 5 = -o, k = 4*z + 36. What is the units digit of k?
0
Let o(x) = -x**2 + 8*x - 4 + x + 0*x**2 - 3. What is the units digit of o(7)?
7
Let t(j) = -2*j**3 - 2*j + 0*j**2 - 2 + j**3 + j**2 - 2*j**2. Suppose -4 = -4*f - 12. What is the units digit of t(f)?
6
Let i = -9 + 9. Suppose i = 4*h - u - 42 - 17, 63 = 3*h + 3*u. What is the units digit of h?
6
Let m = 709 + -360. What is the units digit of m?
9
Suppose 0*o - 3*o + 348 = 0. Let n = o + -60. Suppose 38 = h + 3*d + d, -n = -2*h - 4*d. What is the tens digit of h?
1
Let z = 8 + -11. Let g be (-6)/(z + 5) - 132. What is the units digit of g/(-20) - 2/(-8)?
7
Suppose -5*p + 5 + 5 = 0. Suppose p*q + 2*w + 3*w = -9, 2*q + 4*w = -6. Suppose -2*d = 2*n - q*d - 16, 4*n - 4*d = 24. What is the units digit of n?
0
Let c be (2/(-4))/(6/(-216)). What is the tens digit of 4/c + 1246/63?
2
Let r(c) = 3*c. Let i be r(-4). Let d = i - -32. Suppose -2*j - d = -7*j. What is the units digit of j?
4
Let s = 4 - 0. Suppose -1 = -5*x + s*x. What is the units digit of x?
1
Let s(g) = 3*g + 13. Let v be s(-6). What is the tens digit of (-99)/v + (-4)/(-20)?
2
Suppose -7 + 5 = i. Let x(a) = 5*a**2 - 6*a + 21. Let o(b) = -b**2 + b - 4. Let m(y) = -11*o(y) - 2*x(y). What is the units digit of m(i)?
4
Let v(g) = -g**2 - 8*g - 9. Let o be v(-6). Suppose 0 = -5*i + l + 72 - 27, 5*i + o*l - 25 = 0. What is the units digit of i?
8
Suppose 0 = 3*c - 5 + 2. Let l be (2 - 4)*c/(-2). What is the units digit of l/(-1 + 2) - -6?
7
Let g = 647 + -240. What is the units digit of (-2)/5 + g/55?
7
Let o(n) = -n + 6. Let l be o(0). Suppose l - 3 = 3*v. Let b = v - -3. What is the units digit of b?
4
Suppose 0 = 5*q + m + 47, -m + 3*m = -4. Let w = q - -13. What is the units digit of w?
4
Let m be (0 - -1)/((-4)/24). Let q be (-3)/(-6)*m + 32. Suppose 2*r = -2*n + 7*r + 17, 4*r + q = 3*n. What is the tens digit of n?
1
Let f = -12